{"id":652,"date":"2023-12-04T07:02:20","date_gmt":"2023-12-04T07:02:20","guid":{"rendered":"https:\/\/wp.dynamiclayers.net\/ridek-importer\/?page_id=652"},"modified":"2023-12-12T09:38:38","modified_gmt":"2023-12-12T09:38:38","slug":"our-drivers","status":"publish","type":"page","link":"https:\/\/wp.dynamiclayers.net\/ridek-importer\/our-drivers\/","title":{"rendered":"Our Drivers"},"content":{"rendered":"\t\t<div data-elementor-type=\"wp-page\" data-elementor-id=\"652\" class=\"elementor elementor-652\">\n\t\t\t\t\t\t<section class=\"elementor-section elementor-top-section elementor-element elementor-element-8e16378 elementor-section-boxed elementor-section-height-default elementor-section-height-default\" data-id=\"8e16378\" data-element_type=\"section\">\n\t\t\t\t\t\t\t<div class=\"elementor-background-overlay\"><\/div>\n\t\t\t\t\t\t\t<div class=\"elementor-container elementor-column-gap-default\">\n\t\t\t\t\t<div class=\"elementor-column elementor-col-100 elementor-top-column elementor-element elementor-element-bac869c\" data-id=\"bac869c\" data-element_type=\"column\">\n\t\t\t<div class=\"elementor-widget-wrap elementor-element-populated\">\n\t\t\t\t\t\t<div class=\"elementor-element elementor-element-589b113 elementor-widget elementor-widget-ridek-drivers\" data-id=\"589b113\" data-element_type=\"widget\" data-widget_type=\"ridek-drivers.default\">\n\t\t\t\t<div class=\"elementor-widget-container\">\n\t\t\t\t\t\t\t<div class=\"drivers-wrapper\">\n\t\t\t\t\t\t<div class=\"el-d-items\">\n\t\t\t\t\t\t\t\t\t        <article class=\"driver-card  post-135 ridek-driver type-ridek-driver status-publish has-post-thumbnail hentry driver-category-subaru-wildern\">\n            <div class=\"driver-img\">\n                <img decoding=\"async\" src=\"https:\/\/wp.dynamiclayers.net\/ridek-importer\/wp-content\/uploads\/sites\/3\/2023\/11\/340x390.png\" alt=\"Mauricio Fern\u00e1ndez\">\n            <\/div>\n            <div class=\"driver-info\">\n                <h4><a href=\"https:\/\/wp.dynamiclayers.net\/ridek-importer\/driver\/mauricio-fernandez\/\">Mauricio Fern\u00e1ndez<\/a><\/h4>\n                <div class=\"driver-position\"><span>Subaru Wildern<\/span><\/div>            <\/div>\n        <\/article>\n        \t\t\t\t\t\t\t\t\t        <article class=\"driver-card  post-155 ridek-driver type-ridek-driver status-publish has-post-thumbnail hentry driver-category-nissan-sentra\">\n            <div class=\"driver-img\">\n                <img decoding=\"async\" src=\"https:\/\/wp.dynamiclayers.net\/ridek-importer\/wp-content\/uploads\/sites\/3\/2023\/11\/340x390.png\" alt=\"F\u00e9lix Lengyel\">\n            <\/div>\n            <div class=\"driver-info\">\n                <h4><a href=\"https:\/\/wp.dynamiclayers.net\/ridek-importer\/driver\/felix-lengyel\/\">F\u00e9lix Lengyel<\/a><\/h4>\n                <div class=\"driver-position\"><span>Nissan Sentra<\/span><\/div>            <\/div>\n        <\/article>\n        \t\t\t\t\t\t\t\t\t        <article class=\"driver-card  post-156 ridek-driver type-ridek-driver status-publish has-post-thumbnail hentry driver-category-mercedes-benz\">\n            <div class=\"driver-img\">\n                <img decoding=\"async\" src=\"https:\/\/wp.dynamiclayers.net\/ridek-importer\/wp-content\/uploads\/sites\/3\/2023\/11\/340x390.png\" alt=\"Henry Nathan\">\n            <\/div>\n            <div class=\"driver-info\">\n                <h4><a href=\"https:\/\/wp.dynamiclayers.net\/ridek-importer\/driver\/henry-nathan\/\">Henry Nathan<\/a><\/h4>\n                <div class=\"driver-position\"><span>Mercedes Benz<\/span><\/div>            <\/div>\n        <\/article>\n        \t\t\t\t\t\t\t\t\t        <article class=\"driver-card  post-158 ridek-driver type-ridek-driver status-publish has-post-thumbnail hentry driver-category-hyundai-2022\">\n            <div class=\"driver-img\">\n                <img decoding=\"async\" src=\"https:\/\/wp.dynamiclayers.net\/ridek-importer\/wp-content\/uploads\/sites\/3\/2023\/11\/340x390.png\" alt=\"Brandon Larned\">\n            <\/div>\n            <div class=\"driver-info\">\n                <h4><a href=\"https:\/\/wp.dynamiclayers.net\/ridek-importer\/driver\/brandon-larned\/\">Brandon Larned<\/a><\/h4>\n                <div class=\"driver-position\"><span>Hyundai 2022<\/span><\/div>            <\/div>\n        <\/article>\n        \t\t\t\t\t\t\t\t\t        <article class=\"driver-card  post-159 ridek-driver type-ridek-driver status-publish has-post-thumbnail hentry driver-category-bmw-x5-2008\">\n            <div class=\"driver-img\">\n                <img decoding=\"async\" src=\"https:\/\/wp.dynamiclayers.net\/ridek-importer\/wp-content\/uploads\/sites\/3\/2023\/11\/340x390.png\" alt=\"Javier F. Ar\u00e9balo\">\n            <\/div>\n            <div class=\"driver-info\">\n                <h4><a href=\"https:\/\/wp.dynamiclayers.net\/ridek-importer\/driver\/javier-f-arebalo\/\">Javier F. Ar\u00e9balo<\/a><\/h4>\n                <div class=\"driver-position\"><span>BMW X5 2008<\/span><\/div>            <\/div>\n        <\/article>\n        \t\t\t\t\t\t\t\t\t        <article class=\"driver-card  post-160 ridek-driver type-ridek-driver status-publish has-post-thumbnail hentry driver-category-volkswan-lwb\">\n            <div class=\"driver-img\">\n                <img decoding=\"async\" src=\"https:\/\/wp.dynamiclayers.net\/ridek-importer\/wp-content\/uploads\/sites\/3\/2023\/11\/340x390.png\" alt=\"Mauricio Fern\u00e1ndez\">\n            <\/div>\n            <div class=\"driver-info\">\n                <h4><a href=\"https:\/\/wp.dynamiclayers.net\/ridek-importer\/driver\/mauricio-fernandez-2\/\">Mauricio Fern\u00e1ndez<\/a><\/h4>\n                <div class=\"driver-position\"><span>Volkswan LWB<\/span><\/div>            <\/div>\n        <\/article>\n        \t\t\t\t\t\t\t\t\t        <article class=\"driver-card  post-161 ridek-driver type-ridek-driver status-publish has-post-thumbnail hentry driver-category-audi-rs6-avant\">\n            <div class=\"driver-img\">\n                <img decoding=\"async\" src=\"https:\/\/wp.dynamiclayers.net\/ridek-importer\/wp-content\/uploads\/sites\/3\/2023\/11\/340x390.png\" alt=\"Mart\u00edn Nonalaya\">\n            <\/div>\n            <div class=\"driver-info\">\n                <h4><a href=\"https:\/\/wp.dynamiclayers.net\/ridek-importer\/driver\/martin-nonalaya\/\">Mart\u00edn Nonalaya<\/a><\/h4>\n                <div class=\"driver-position\"><span>Audi RS6 Avant<\/span><\/div>            <\/div>\n        <\/article>\n        \t\t\t\t\t\t\t\t\t        <article class=\"driver-card  post-162 ridek-driver type-ridek-driver status-publish has-post-thumbnail hentry driver-category-toyota-xcorola\">\n            <div class=\"driver-img\">\n                <img decoding=\"async\" src=\"https:\/\/wp.dynamiclayers.net\/ridek-importer\/wp-content\/uploads\/sites\/3\/2023\/11\/340x390.png\" alt=\"Sasha Hostyn\">\n            <\/div>\n            <div class=\"driver-info\">\n                <h4><a href=\"https:\/\/wp.dynamiclayers.net\/ridek-importer\/driver\/sasha-hostyn\/\">Sasha Hostyn<\/a><\/h4>\n                <div class=\"driver-position\"><span>Toyota XCorola<\/span><\/div>            <\/div>\n        <\/article>\n        \t\t\t\t\t\t\t<\/div>\n\t\t\t\t\t<\/div>\n\t\t\t\t\t\t<\/div>\n\t\t\t\t<\/div>\n\t\t\t\t\t<\/div>\n\t\t<\/div>\n\t\t\t\t\t<\/div>\n\t\t<\/section>\n\t\t\t\t<section class=\"elementor-section elementor-top-section elementor-element elementor-element-af54284 elementor-section-content-middle adv-bg-yes elementor-section-boxed elementor-section-height-default elementor-section-height-default adv-bg-pos-top-left\" data-id=\"af54284\" data-element_type=\"section\">\n\t\t\t\t\t\t<div class=\"elementor-container elementor-column-gap-default\">\n\t\t\t\t\t<div class=\"elementor-column elementor-col-33 elementor-top-column elementor-element elementor-element-12a3bde\" data-id=\"12a3bde\" data-element_type=\"column\">\n\t\t\t<div class=\"elementor-widget-wrap elementor-element-populated\">\n\t\t\t\t\t\t<div class=\"elementor-element elementor-element-d39beed dl-align-left elementor-widget elementor-widget-ridek-section-heading\" data-id=\"d39beed\" data-element_type=\"widget\" data-widget_type=\"ridek-section-heading.default\">\n\t\t\t\t<div class=\"elementor-widget-container\">\n\t\t\t\t\t        <div class=\"dl-section-heading\">\n                            <h4 class=\"dl-sub-heading custom-bd bd-dir-left\">\n                <span class=\"custom-border\"><\/span>                <span >Ridek Taxi Services!<\/span>\n            <\/h4>\n                                    <h2 class=\"dl-heading\" data-bg-text=\"\">\n                Feel your journey with ridek taxi service!            <\/h2>\n                                <\/div>\n        \t\t\t\t<\/div>\n\t\t\t\t<\/div>\n\t\t\t\t<div class=\"elementor-element elementor-element-c369de0 dl-align-left elementor-widget elementor-widget-ridek-button\" data-id=\"c369de0\" data-element_type=\"widget\" data-widget_type=\"ridek-button.default\">\n\t\t\t\t<div class=\"elementor-widget-container\">\n\t\t\t\t\t\n        <div class=\"dl-el-btn-wrap \" data-btn-1-style=\"style-1\" data-btn-2-style=\"\">\n                            <a href=\"#\" rel=\"nofollow\" class=\"dl-el-btn btn-1  style-1\" id=\"\">\n                <span >Book a Taxi<\/span>\n                                            <\/a>\n                <\/div>\n        \t\t\t\t<\/div>\n\t\t\t\t<\/div>\n\t\t\t\t\t<\/div>\n\t\t<\/div>\n\t\t\t\t<div class=\"elementor-column elementor-col-33 elementor-top-column elementor-element elementor-element-852eef2\" data-id=\"852eef2\" data-element_type=\"column\">\n\t\t\t<div class=\"elementor-widget-wrap elementor-element-populated\">\n\t\t\t\t\t\t<div class=\"elementor-element elementor-element-0cca3e9 layout-block icon-show list-left elementor-widget elementor-widget-ridek-list-items\" data-id=\"0cca3e9\" data-element_type=\"widget\" data-widget_type=\"ridek-list-items.default\">\n\t\t\t\t<div class=\"elementor-widget-container\">\n\t\t\t\t\t        <div class=\"dl-el-items\">\n                        <div class=\"dl-el-item elementor-repeater-item-9952d64\">\n                                    <div class=\"dl-el-list-icon\">\n                        <i aria-hidden=\"true\" class=\"la la-arrow-right\"><\/i>                    <\/div>\n                                <div class=\"dl-el-list-content\">\n                                            <h3 >Easy payment systems.<\/h3>\n                                                                            <\/div>\n            <\/div>\n                        <div class=\"dl-el-item elementor-repeater-item-666a213\">\n                                    <div class=\"dl-el-list-icon\">\n                        <i aria-hidden=\"true\" class=\"la la-arrow-right\"><\/i>                    <\/div>\n                                <div class=\"dl-el-list-content\">\n                                            <h3 >Make safety a top priority.<\/h3>\n                                                                            <\/div>\n            <\/div>\n                        <div class=\"dl-el-item elementor-repeater-item-ed27500\">\n                                    <div class=\"dl-el-list-icon\">\n                        <i aria-hidden=\"true\" class=\"la la-arrow-right\"><\/i>                    <\/div>\n                                <div class=\"dl-el-list-content\">\n                                            <h3 >First and quick pickups.<\/h3>\n                                                                            <\/div>\n            <\/div>\n                        <div class=\"dl-el-item elementor-repeater-item-6470abd\">\n                                    <div class=\"dl-el-list-icon\">\n                        <i aria-hidden=\"true\" class=\"la la-arrow-right\"><\/i>                    <\/div>\n                                <div class=\"dl-el-list-content\">\n                                            <h3 >Access Ridek globally.<\/h3>\n                                                                            <\/div>\n            <\/div>\n                    <\/div>\n        \t\t\t\t<\/div>\n\t\t\t\t<\/div>\n\t\t\t\t\t<\/div>\n\t\t<\/div>\n\t\t\t\t<div class=\"elementor-column elementor-col-33 elementor-top-column elementor-element elementor-element-bd407a6\" data-id=\"bd407a6\" data-element_type=\"column\">\n\t\t\t<div class=\"elementor-widget-wrap elementor-element-populated\">\n\t\t\t\t\t\t<div class=\"elementor-element elementor-element-1282554 elementor-widget__width-initial elementor-absolute elementor-hidden-tablet elementor-hidden-mobile elementor-widget elementor-widget-image\" data-id=\"1282554\" data-element_type=\"widget\" data-settings=\"{&quot;_position&quot;:&quot;absolute&quot;}\" data-widget_type=\"image.default\">\n\t\t\t\t<div class=\"elementor-widget-container\">\n\t\t\t\t\t\t\t\t\t\t\t\t\t\t\t<img fetchpriority=\"high\" decoding=\"async\" width=\"1000\" height=\"877\" src=\"https:\/\/wp.dynamiclayers.net\/ridek-importer\/wp-content\/uploads\/sites\/3\/2023\/11\/cta-men-1.png\" class=\"attachment-full size-full wp-image-838\" alt=\"\" srcset=\"https:\/\/wp.dynamiclayers.net\/ridek-importer\/wp-content\/uploads\/sites\/3\/2023\/11\/cta-men-1.png 1000w, https:\/\/wp.dynamiclayers.net\/ridek-importer\/wp-content\/uploads\/sites\/3\/2023\/11\/cta-men-1-300x263.png 300w, https:\/\/wp.dynamiclayers.net\/ridek-importer\/wp-content\/uploads\/sites\/3\/2023\/11\/cta-men-1-768x674.png 768w\" sizes=\"(max-width: 1000px) 100vw, 1000px\" \/>\t\t\t\t\t\t\t\t\t\t\t\t\t\t\t<\/div>\n\t\t\t\t<\/div>\n\t\t\t\t\t<\/div>\n\t\t<\/div>\n\t\t\t\t\t<\/div>\n\t\t<\/section>\n\t\t\t\t<section class=\"elementor-section elementor-top-section elementor-element elementor-element-6492d87 elementor-section-boxed elementor-section-height-default elementor-section-height-default\" data-id=\"6492d87\" data-element_type=\"section\" data-settings=\"{&quot;background_background&quot;:&quot;classic&quot;}\">\n\t\t\t\t\t\t<div class=\"elementor-container elementor-column-gap-default\">\n\t\t\t\t\t<div class=\"elementor-column elementor-col-100 elementor-top-column elementor-element elementor-element-a8bd982\" data-id=\"a8bd982\" data-element_type=\"column\">\n\t\t\t<div class=\"elementor-widget-wrap elementor-element-populated\">\n\t\t\t\t\t\t<div class=\"elementor-element elementor-element-b996320 dl-align-center elementor-widget elementor-widget-ridek-section-heading\" data-id=\"b996320\" data-element_type=\"widget\" data-widget_type=\"ridek-section-heading.default\">\n\t\t\t\t<div class=\"elementor-widget-container\">\n\t\t\t\t\t        <div class=\"dl-section-heading\">\n                            <h4 class=\"dl-sub-heading custom-bd bd-dir-left\">\n                <span class=\"custom-border\"><\/span>                <span >Latest Posts!<\/span>\n            <\/h4>\n                                    <h2 class=\"dl-heading\" data-bg-text=\"\">\n                News and insights!            <\/h2>\n                                        <p class=\"dl-desc\">We successfully cope with tasks of varying complexity, provide long-term <br>guarantees and regularly master new technologies.<\/p>\n                    <\/div>\n        \t\t\t\t<\/div>\n\t\t\t\t<\/div>\n\t\t\t\t<div class=\"elementor-element elementor-element-b57ada8 line-effect-yes elementor-widget elementor-widget-ridek-blog\" data-id=\"b57ada8\" data-element_type=\"widget\" data-settings=\"{&quot;carousel&quot;:&quot;no&quot;}\" data-widget_type=\"ridek-blog.default\">\n\t\t\t\t<div class=\"elementor-widget-container\">\n\t\t\t\t\t            <div class=\"el-blog-items ridek-el-blog\">\n                    <article class=\"el-blog-item post-162 ridek-driver type-ridek-driver status-publish has-post-thumbnail hentry driver-category-toyota-xcorola\">\n            <div class=\"el-post-item\">\n                <div class=\"el-post-thumb\">\n                    <a href=\"https:\/\/wp.dynamiclayers.net\/ridek-importer\/the-benefits-of-online-taxi-booking-services\/\" class=\"el-post-thumb-inner\">\n                                            <img decoding=\"async\" width=\"380\" height=\"250\" src=\"https:\/\/wp.dynamiclayers.net\/ridek-importer\/wp-content\/uploads\/sites\/3\/2023\/11\/1600x1000-380x250.png\" class=\"attachment-ridek-thumb-grid size-ridek-thumb-grid wp-post-image\" alt=\"\" \/>                                        <\/a>\n                    <a href=\"https:\/\/wp.dynamiclayers.net\/ridek-importer\/category\/airport-transport\/\" class=\"category bottom-left\">Airport Transport<\/a>                <\/div>\n                <div class=\"el-post-content\">\n                                        <ul class=\"post-meta\">\n                        <li><a href=\"https:\/\/wp.dynamiclayers.net\/ridek-importer\/author\/shah\/\"><i class=\"las la-user\"><\/i>shah<\/a><\/li>\n                        <li><a href=\"https:\/\/wp.dynamiclayers.net\/ridek-importer\/2023\/11\/19\/\"><i class=\"las la-calendar\"><\/i>November 19, 2023<\/a><\/li>\n                    <\/ul>\n                                        <h3 class=\"post-title\">\n                        <a href=\"https:\/\/wp.dynamiclayers.net\/ridek-importer\/the-benefits-of-online-taxi-booking-services\/\">The Benefits of Online Taxi Booking Services<\/a>\n                    <\/h3>\n                                            <p>In the ever-evolving landscape of transportation, taxi booking services have emerged as a game-chang...<\/p>\n                                                                <a href=\"https:\/\/wp.dynamiclayers.net\/ridek-importer\/the-benefits-of-online-taxi-booking-services\/\" class=\"read-more\">Read More<\/a>\n                                    <\/div>\n            <\/div>\n        <\/article>\n                <article class=\"el-blog-item post-162 ridek-driver type-ridek-driver status-publish has-post-thumbnail hentry driver-category-toyota-xcorola\">\n            <div class=\"el-post-item\">\n                <div class=\"el-post-thumb\">\n                    <a href=\"https:\/\/wp.dynamiclayers.net\/ridek-importer\/unlocking-the-secrets-of-convenient-taxi-booking\/\" class=\"el-post-thumb-inner\">\n                                            <img decoding=\"async\" width=\"380\" height=\"250\" src=\"https:\/\/wp.dynamiclayers.net\/ridek-importer\/wp-content\/uploads\/sites\/3\/2023\/11\/1600x1000-380x250.png\" class=\"attachment-ridek-thumb-grid size-ridek-thumb-grid wp-post-image\" alt=\"\" \/>                                        <\/a>\n                    <a href=\"https:\/\/wp.dynamiclayers.net\/ridek-importer\/category\/city-transport\/\" class=\"category bottom-left\">City Transport<\/a>                <\/div>\n                <div class=\"el-post-content\">\n                                        <ul class=\"post-meta\">\n                        <li><a href=\"https:\/\/wp.dynamiclayers.net\/ridek-importer\/author\/shah\/\"><i class=\"las la-user\"><\/i>shah<\/a><\/li>\n                        <li><a href=\"https:\/\/wp.dynamiclayers.net\/ridek-importer\/2023\/11\/19\/\"><i class=\"las la-calendar\"><\/i>November 19, 2023<\/a><\/li>\n                    <\/ul>\n                                        <h3 class=\"post-title\">\n                        <a href=\"https:\/\/wp.dynamiclayers.net\/ridek-importer\/unlocking-the-secrets-of-convenient-taxi-booking\/\">Unlocking the Secrets of Convenient Taxi Booking<\/a>\n                    <\/h3>\n                                            <p>In the ever-evolving landscape of transportation, taxi booking services have emerged as a game-chang...<\/p>\n                                                                <a href=\"https:\/\/wp.dynamiclayers.net\/ridek-importer\/unlocking-the-secrets-of-convenient-taxi-booking\/\" class=\"read-more\">Read More<\/a>\n                                    <\/div>\n            <\/div>\n        <\/article>\n                <article class=\"el-blog-item post-162 ridek-driver type-ridek-driver status-publish has-post-thumbnail hentry driver-category-toyota-xcorola\">\n            <div class=\"el-post-item\">\n                <div class=\"el-post-thumb\">\n                    <a href=\"https:\/\/wp.dynamiclayers.net\/ridek-importer\/mastering-the-art-of-efficient-taxi-booking\/\" class=\"el-post-thumb-inner\">\n                                            <img decoding=\"async\" width=\"380\" height=\"250\" src=\"https:\/\/wp.dynamiclayers.net\/ridek-importer\/wp-content\/uploads\/sites\/3\/2023\/11\/1600x1000-380x250.png\" class=\"attachment-ridek-thumb-grid size-ridek-thumb-grid wp-post-image\" alt=\"\" \/>                                        <\/a>\n                    <a href=\"https:\/\/wp.dynamiclayers.net\/ridek-importer\/category\/airport-transport\/\" class=\"category bottom-left\">Airport Transport<\/a>                <\/div>\n                <div class=\"el-post-content\">\n                                        <ul class=\"post-meta\">\n                        <li><a href=\"https:\/\/wp.dynamiclayers.net\/ridek-importer\/author\/shah\/\"><i class=\"las la-user\"><\/i>shah<\/a><\/li>\n                        <li><a href=\"https:\/\/wp.dynamiclayers.net\/ridek-importer\/2023\/11\/19\/\"><i class=\"las la-calendar\"><\/i>November 19, 2023<\/a><\/li>\n                    <\/ul>\n                                        <h3 class=\"post-title\">\n                        <a href=\"https:\/\/wp.dynamiclayers.net\/ridek-importer\/mastering-the-art-of-efficient-taxi-booking\/\">Mastering the Art of Efficient Taxi Booking<\/a>\n                    <\/h3>\n                                            <p>In the ever-evolving landscape of transportation, taxi booking services have emerged as a game-chang...<\/p>\n                                                                <a href=\"https:\/\/wp.dynamiclayers.net\/ridek-importer\/mastering-the-art-of-efficient-taxi-booking\/\" class=\"read-more\">Read More<\/a>\n                                    <\/div>\n            <\/div>\n        <\/article>\n                    <\/div>\n        \t\t\t\t<\/div>\n\t\t\t\t<\/div>\n\t\t\t\t\t<\/div>\n\t\t<\/div>\n\t\t\t\t\t<\/div>\n\t\t<\/section>\n\t\t\t\t<\/div>\n\t\t","protected":false},"excerpt":{"rendered":"<p>Mauricio Fern\u00e1ndez Subaru Wildern F\u00e9lix Lengyel Nissan Sentra Henry Nathan Mercedes Benz Brandon Larned Hyundai 2022 Javier F. Ar\u00e9balo BMW X5 2008 Mauricio Fern\u00e1ndez Volkswan LWB Mart\u00edn Nonalaya Audi RS6 Avant Sasha Hostyn Toyota XCorola Ridek Taxi Services! Feel your journey with ridek taxi service! Book a Taxi Easy payment systems. Make safety a top [&hellip;]<\/p>\n","protected":false},"author":2,"featured_media":0,"parent":0,"menu_order":0,"comment_status":"closed","ping_status":"closed","template":"elementor-template.php","meta":{"_acf_changed":false,"footnotes":""},"class_list":["post-652","page","type-page","status-publish","hentry"],"acf":[],"_links":{"self":[{"href":"https:\/\/wp.dynamiclayers.net\/ridek-importer\/wp-json\/wp\/v2\/pages\/652","targetHints":{"allow":["GET"]}}],"collection":[{"href":"https:\/\/wp.dynamiclayers.net\/ridek-importer\/wp-json\/wp\/v2\/pages"}],"about":[{"href":"https:\/\/wp.dynamiclayers.net\/ridek-importer\/wp-json\/wp\/v2\/types\/page"}],"author":[{"embeddable":true,"href":"https:\/\/wp.dynamiclayers.net\/ridek-importer\/wp-json\/wp\/v2\/users\/2"}],"replies":[{"embeddable":true,"href":"https:\/\/wp.dynamiclayers.net\/ridek-importer\/wp-json\/wp\/v2\/comments?post=652"}],"version-history":[{"count":8,"href":"https:\/\/wp.dynamiclayers.net\/ridek-importer\/wp-json\/wp\/v2\/pages\/652\/revisions"}],"predecessor-version":[{"id":895,"href":"https:\/\/wp.dynamiclayers.net\/ridek-importer\/wp-json\/wp\/v2\/pages\/652\/revisions\/895"}],"wp:attachment":[{"href":"https:\/\/wp.dynamiclayers.net\/ridek-importer\/wp-json\/wp\/v2\/media?parent=652"}],"curies":[{"name":"wp","href":"https:\/\/api.w.org\/{rel}","templated":true}]}}